{"id":769,"date":"2017-08-08T14:44:31","date_gmt":"2017-08-08T17:44:31","guid":{"rendered":"http:\/\/www.ederer.com.br\/portal\/?page_id=769"},"modified":"2023-07-18T10:33:16","modified_gmt":"2023-07-18T13:33:16","slug":"treinamentos","status":"publish","type":"page","link":"https:\/\/www.ederer.com.br\/portal\/treinamentos\/","title":{"rendered":"Treinamentos"},"content":{"rendered":"<p>[vc_row][vc_column][\/vc_column][\/vc_row][vc_row css=&#8221;.vc_custom_1500921084870{margin-top: 75px !important;}&#8221;][vc_column width=&#8221;3\/4&#8243;][vc_single_image image=&#8221;785&#8243; img_size=&#8221;full&#8221; alignment=&#8221;center&#8221; css_animation=&#8221;fadeIn&#8221;][vc_gallery type=&#8221;image_grid&#8221; images=&#8221;790,791,794,795,796&#8243; img_size=&#8221;168&#215;94&#8243; css_animation=&#8221;bounceIn&#8221;][skela_heading heading_title=&#8221;Sobre os treinamentos&#8221;][vc_column_text]Com o intuito em melhorar cada vez mais os conhecimentos t\u00e9cnicos dos mec\u00e2nicos respons\u00e1veis pela manuten\u00e7\u00e3o dos aspersores canh\u00e3o , a <strong>EDERER Comercial<\/strong> oferece esse treinamento facilitando assim o dia a dia de todo e qualquer mec\u00e2nico, ou mesmo o operador, em identificar determinados problemas de funcionamento, e fazer com seguran\u00e7a a manuten\u00e7\u00e3o preventiva e corretiva destes aspersores.<\/p>\n<p>\u00c9 um treinamento de conte\u00fado muito simples, pois est\u00e1 voltado para a parte pr\u00e1tica da manuten\u00e7\u00e3o, mas como o conhecimento b\u00e1sico envolve a necessidade de manuseio de manuais, dividimos o treinamento em duas partes distintas, a saber:[\/vc_column_text][vc_row_inner][vc_column_inner width=&#8221;1\/2&#8243;][vc_column_text]<strong>PARTE 1:<\/strong><\/p>\n<ul>\n<li>Conhecendo o princ\u00edpio de funcionamento do aspersor<\/li>\n<li>Apresenta\u00e7\u00e3o dos manuais de pe\u00e7as e de oficina.<\/li>\n<li>Identifica\u00e7\u00e3o das pe\u00e7as, seus conjuntos e Kits.<\/li>\n<li>Conhecendo as pe\u00e7as e os Kits dispon\u00edveis para compra.<\/li>\n<li>Conhecendo as ferramentas e dispositivos necess\u00e1rios para a manuten\u00e7\u00e3o.<\/li>\n<li>Troca de experi\u00eancias na manuten\u00e7\u00e3o e dificuldades encontradas entre o grupo.<\/li>\n<\/ul>\n<p>[\/vc_column_text][\/vc_column_inner][vc_column_inner width=&#8221;1\/2&#8243;][vc_column_text]<strong>PARTE 2:<\/strong><\/p>\n<ul>\n<li>Prepara\u00e7\u00e3o do aspersor para desmontagem.<\/li>\n<li>Desmontagem do aspersor.<\/li>\n<li>Identificando as pe\u00e7as com defeito.<\/li>\n<li>Relacionando as pe\u00e7as para compra.<\/li>\n<li>Limpeza e prepara\u00e7\u00e3o do aspersor para montagem.<\/li>\n<li>Montagem e ajustes<\/li>\n<li>Teste de funcionamento.<\/li>\n<\/ul>\n<p>[\/vc_column_text][\/vc_column_inner][\/vc_row_inner][\/vc_column][vc_column width=&#8221;1\/4&#8243;][vc_row_inner css=&#8221;.vc_custom_1500923511933{padding-right: 15px !important;padding-left: 15px !important;}&#8221;][vc_column_inner css=&#8221;.vc_custom_1500923497882{padding-top: 25px !important;padding-right: 25px !important;padding-bottom: 25px !important;padding-left: 25px !important;background-color: #222429 !important;}&#8221;][skela_heading heading_title_color=&#8221;#f7f7f7&#8243; heading_title=&#8221;Saiba mais&#8221;][skela_icon_box icon_type=&#8221;font-icon&#8221; icon_color=&#8221;#1e73be&#8221; title_color=&#8221;#eaeaea&#8221; desc_color=&#8221;#eaeaea&#8221; font_icon=&#8221;fa fa-clock-o&#8221; desc=&#8221;6 &#8211; 7 horas.&#8221; title=&#8221;Dura\u00e7\u00e3o&#8221;][vc_separator color=&#8221;custom&#8221; accent_color=&#8221;#4c4c4c&#8221;][skela_icon_box icon_type=&#8221;font-icon&#8221; icon_color=&#8221;#1e73be&#8221; title_color=&#8221;#eaeaea&#8221; desc_color=&#8221;#eaeaea&#8221; font_icon=&#8221;fa fa-user&#8221; desc=&#8221;Min. 4 e m\u00e1x. 10 &#8221; title=&#8221;Participantes por grupo:&#8221;][vc_separator color=&#8221;custom&#8221; accent_color=&#8221;#4c4c4c&#8221;][skela_icon_box icon_type=&#8221;font-icon&#8221; icon_color=&#8221;#1e73be&#8221; title_color=&#8221;#eaeaea&#8221; desc_color=&#8221;#eaeaea&#8221; font_icon=&#8221;fa fa-book&#8221; desc=&#8221;Manual de oficina completo<br \/>\nKit ferramentas Service Tools.<br \/>\nCertificado de participa\u00e7\u00e3o.&#8221; title=&#8221;Material incluso:&#8221;][\/vc_column_inner][\/vc_row_inner][vc_empty_space][skela_heading heading_title_color=&#8221;&#8221; heading_title=&#8221;INFORMATIVOS&#8221;][vc_btn title=&#8221;Preparativos&#8221; style=&#8221;flat&#8221; shape=&#8221;square&#8221; color=&#8221;black&#8221; align=&#8221;left&#8221; i_icon_fontawesome=&#8221;fa fa-file-pdf-o&#8221; button_block=&#8221;true&#8221; add_icon=&#8221;true&#8221; link=&#8221;url:%23||target:%20_blank|&#8221;][vc_btn title=&#8221;Informa\u00e7\u00f5es sobre o treinamento&#8221; style=&#8221;flat&#8221; shape=&#8221;square&#8221; color=&#8221;black&#8221; align=&#8221;left&#8221; i_icon_fontawesome=&#8221;fa fa-file-text-o&#8221; button_block=&#8221;true&#8221; add_icon=&#8221;true&#8221; link=&#8221;url:%23||target:%20_blank|&#8221;][\/vc_column][\/vc_row]<\/p>\n","protected":false},"excerpt":{"rendered":"<p>[vc_row][vc_column][\/vc_column][\/vc_row][vc_row css=&#8221;.vc_custom_1500921084870{margin-top: 75px !important;}&#8221;][vc_column width=&#8221;3\/4&#8243;][vc_single_image image=&#8221;785&#8243; img_size=&#8221;full&#8221; alignment=&#8221;center&#8221; css_animation=&#8221;fadeIn&#8221;][vc_gallery type=&#8221;image_grid&#8221; images=&#8221;790,791,794,795,796&#8243; img_size=&#8221;168&#215;94&#8243; css_animation=&#8221;bounceIn&#8221;][skela_heading heading_title=&#8221;Sobre os treinamentos&#8221;][vc_column_text]Com o intuito em melhorar cada vez mais os conhecimentos t\u00e9cnicos dos mec\u00e2nicos respons\u00e1veis pela manuten\u00e7\u00e3o dos aspersores canh\u00e3o , a EDERER Comercial oferece esse treinamento facilitando assim o dia a dia de todo e qualquer mec\u00e2nico, ou mesmo o<\/p>\n","protected":false},"author":2,"featured_media":0,"parent":0,"menu_order":0,"comment_status":"closed","ping_status":"closed","template":"","meta":{"footnotes":""},"_links":{"self":[{"href":"https:\/\/www.ederer.com.br\/portal\/wp-json\/wp\/v2\/pages\/769"}],"collection":[{"href":"https:\/\/www.ederer.com.br\/portal\/wp-json\/wp\/v2\/pages"}],"about":[{"href":"https:\/\/www.ederer.com.br\/portal\/wp-json\/wp\/v2\/types\/page"}],"author":[{"embeddable":true,"href":"https:\/\/www.ederer.com.br\/portal\/wp-json\/wp\/v2\/users\/2"}],"replies":[{"embeddable":true,"href":"https:\/\/www.ederer.com.br\/portal\/wp-json\/wp\/v2\/comments?post=769"}],"version-history":[{"count":24,"href":"https:\/\/www.ederer.com.br\/portal\/wp-json\/wp\/v2\/pages\/769\/revisions"}],"predecessor-version":[{"id":1223,"href":"https:\/\/www.ederer.com.br\/portal\/wp-json\/wp\/v2\/pages\/769\/revisions\/1223"}],"wp:attachment":[{"href":"https:\/\/www.ederer.com.br\/portal\/wp-json\/wp\/v2\/media?parent=769"}],"curies":[{"name":"wp","href":"https:\/\/api.w.org\/{rel}","templated":true}]}}